{"id":2,"date":"2013-12-13T12:35:33","date_gmt":"2013-12-13T12:35:33","guid":{"rendered":"http:\/\/neu.steinsdorf-thueringen.de\/?page_id=2"},"modified":"2014-01-05T19:48:41","modified_gmt":"2014-01-05T18:48:41","slug":"beispiel-seite","status":"publish","type":"page","link":"https:\/\/www.steinsdorf-thueringen.de\/","title":{"rendered":"Willkommen"},"content":{"rendered":"<p>Herzlich Willkommen in Steinsdorf in Th\u00fcringen<\/p>\n<p><img loading=\"lazy\" decoding=\"async\" class=\"aligncenter  wp-image-32\" alt=\"luftbild\" src=\"http:\/\/neu.steinsdorf-thueringen.de\/wp-content\/uploads\/2013\/12\/luftbild.png\" width=\"746\" height=\"483\" srcset=\"https:\/\/www.steinsdorf-thueringen.de\/wp-content\/uploads\/2013\/12\/luftbild.png 746w, https:\/\/www.steinsdorf-thueringen.de\/wp-content\/uploads\/2013\/12\/luftbild-300x194.png 300w\" sizes=\"auto, (max-width: 746px) 100vw, 746px\" \/><\/p>\n<p style=\"text-align: center;\">Luftaufnahme von Steinsdorf mit freundlicher Genehmigung <a href=\"http:\/\/www.ballonteam-jena.de\/\" target=\"_blank\">ballonteam-jena.de<\/a><\/p>\n<p style=\"text-align: justify;\">Steinsdorf befindet sich im Osten von Th\u00fcringen und liegt ca. 15 Kilometer s\u00fcdlich von Gera. Steinsdorf geh\u00f6rt seit 01.01.2014 als Ortsteil zur Stadt Weida z\u00e4hlt rund 400 Einwohner.<\/p>\n<p style=\"text-align: justify;\">Steinsdorf selbst liegt in landschaftlicher sch\u00f6ner Lage auf einem schr\u00e4gen H\u00f6henzug, der sich am Rande des Weidatals empor zieht. Rings um den Ort breiten sich gro\u00dfe Feld- und Wiesenfl\u00e4chen, eingerahmt von Mischw\u00e4ldern.<\/p>\n","protected":false},"excerpt":{"rendered":"<p>Herzlich Willkommen in Steinsdorf in Th\u00fcringen Luftaufnahme von Steinsdorf mit freundlicher Genehmigung ballonteam-jena.de Steinsdorf befindet sich im Osten von Th\u00fcringen und liegt ca. 15 Kilometer s\u00fcdlich von Gera. Steinsdorf geh\u00f6rt seit 01.01.2014 als Ortsteil zur Stadt Weida z\u00e4hlt rund 400 Einwohner. Steinsdorf selbst liegt in landschaftlicher sch\u00f6ner Lage auf einem schr\u00e4gen H\u00f6henzug, der sich am &hellip; <a href=\"https:\/\/www.steinsdorf-thueringen.de\/\" class=\"more-link\"><span class=\"screen-reader-text\">Willkommen<\/span> weiterlesen <span class=\"meta-nav\">&rarr;<\/span><\/a><\/p>\n","protected":false},"author":1,"featured_media":0,"parent":0,"menu_order":0,"comment_status":"closed","ping_status":"closed","template":"","meta":{"footnotes":""},"class_list":["post-2","page","type-page","status-publish","hentry"],"_links":{"self":[{"href":"https:\/\/www.steinsdorf-thueringen.de\/index.php?rest_route=\/wp\/v2\/pages\/2","targetHints":{"allow":["GET"]}}],"collection":[{"href":"https:\/\/www.steinsdorf-thueringen.de\/index.php?rest_route=\/wp\/v2\/pages"}],"about":[{"href":"https:\/\/www.steinsdorf-thueringen.de\/index.php?rest_route=\/wp\/v2\/types\/page"}],"author":[{"embeddable":true,"href":"https:\/\/www.steinsdorf-thueringen.de\/index.php?rest_route=\/wp\/v2\/users\/1"}],"replies":[{"embeddable":true,"href":"https:\/\/www.steinsdorf-thueringen.de\/index.php?rest_route=%2Fwp%2Fv2%2Fcomments&post=2"}],"version-history":[{"count":14,"href":"https:\/\/www.steinsdorf-thueringen.de\/index.php?rest_route=\/wp\/v2\/pages\/2\/revisions"}],"predecessor-version":[{"id":430,"href":"https:\/\/www.steinsdorf-thueringen.de\/index.php?rest_route=\/wp\/v2\/pages\/2\/revisions\/430"}],"wp:attachment":[{"href":"https:\/\/www.steinsdorf-thueringen.de\/index.php?rest_route=%2Fwp%2Fv2%2Fmedia&parent=2"}],"curies":[{"name":"wp","href":"https:\/\/api.w.org\/{rel}","templated":true}]}}